1 a composite number?
False
Is 4641737 prime?
False
Is 9565 prime?
False
Is 5495591 a prime number?
True
Is 2310667 prime?
True
Is 15564847 composite?
False
Is 80471429 prime?
False
Is 26630411 composite?
False
Is 423757487 a prime number?
False
Is 2072549 composite?
False
Is 1720801 composite?
True
Is 663097 composite?
False
Is 271390127 composite?
True
Is 46240021 prime?
True
Is 7569343 a prime number?
True
Is 20043557 composite?
True
Is 1219778669 composite?
True
Is 15563045 composite?
True
Is 8301446 composite?
True
Is 14607671 a composite number?
True
Is 3486551 a composite number?
False
Is 235981913 a prime number?
False
Is 151591 composite?
True
Is 3829717 a composite number?
True
Is 81274379 prime?
False
Is 242315779 a composite number?
True
Is 606241 prime?
True
Is 13083589 prime?
True
Is 9609203 prime?
True
Is 111166373 a composite number?
True
Is 1219681 composite?
True
Is 57316795 prime?
False
Is 2676847 a prime number?
True
Is 14200399 composite?
True
Is 5059501 a prime number?
False
Is 205647605 a composite number?
True
Is 5866087 a composite number?
True
Is 2720657 a prime number?
False
Is 3612901 a composite number?
True
Is 8313299 a composite number?
True
Is 1576909 a prime number?
False
Is 1275607 a composite number?
True
Is 84972599 composite?
False
Is 1646189 composite?
False
Is 11756263 prime?
False
Is 10041697 a prime number?
True
Is 296027579 prime?
False
Is 3108163 prime?
True
Is 133757031 composite?
True
Is 6985397 composite?
False
Is 11544727 composite?
False
Is 49204861 a composite number?
True
Is 2210957 prime?
False
Is 59551249 prime?
False
Is 521779 composite?
True
Is 66711991 a prime number?
False
Is 2082961 a prime number?
True
Is 11657885 composite?
True
Is 160873 composite?
True
Is 120319 a prime number?
True
Is 1311883 a prime number?
False
Is 50786011 prime?
False
Is 2786171 prime?
False
Is 5089843 a prime number?
False
Is 35811757 prime?
True
Is 156389 composite?
True
Is 60001793 a prime number?
True
Is 45014297 prime?
False
Is 20171279 a prime number?
True
Is 220414487 composite?
False
Is 25490483 a prime number?
False
Is 45737093 a prime number?
True
Is 10283709 a composite number?
True
Is 133728457 prime?
True
Is 14624609 prime?
False
Is 59602897 a composite number?
True
Is 214648939 a composite number?
True
Is 1252507 a composite number?
False
Is 44604089 prime?
True
Is 14997571 a prime number?
True
Is 55549549 composite?
True
Is 65921753 prime?
False
Is 40212637 a prime number?
False
Is 185411621 a prime number?
True
Is 452759 a composite number?
False
Is 644729 composite?
False
Is 38128301 composite?
True
Is 28112551 a composite number?
False
Is 12301603 a composite number?
False
Is 13362983 a prime number?
True
Is 498473 a prime number?
False
Is 96208589 a composite number?
False
Is 153364147 composite?
False
Is 24305933 a prime number?
False
Is 15145601 composite?
True
Is 1126849 a composite number?
True
Is 5899683 a prime number?
False
Is 1074004759 composite?
True
Is 11806615 composite?
True
Is 1259851 composite?
False
Is 6804683 a composite number?
False
Is 18248129 prime?
True
Is 3642391 a prime number?
False
Is 4235999 composite?
False
Is 20389951 a prime number?
True
Is 75302771 a composite number?
True
Is 27530627 composite?
True
Is 19724267 composite?
True
Is 106294553 a prime number?
True
Is 2823619 prime?
False
Is 4016317 a composite number?
False
Is 83991559 a composite number?
False
Is 13285057 prime?
True
Is 10051337 a composite number?
False
Is 31495 composite?
True
Is 2503859 composite?
False
Is 25591637 prime?
True
Is 4277419 composite?
False
Is 7645909 a composite number?
False
Is 60349 a prime number?
False
Is 553607 composite?
False
Is 17847391 a composite number?
False
Is 11411833 prime?
False
Is 813493 a composite number?
False
Is 362390102 a prime number?
False
Is 90572023 composite?
True
Is 1062779 a prime number?
True
Is 3147091 prime?
False
Is 9487409 composite?
False
Is 179479295 prime?
False
Is 14319199 a prime number?
True
Is 12229757 a composite number?
True
Is 6767731 composite?
False
Is 36753265 prime?
False
Is 1609717 composite?
False
Is 512797 prime?
True
Is 469985695 a prime number?
False
Is 255531439 prime?
False
Is 430469 composite?
True
Is 1639483634 a prime number?
False
Is 1776149 a prime number?
True
Is 29953661 composite?
False
Is 583753 a prime number?
True
Is 170329 a prime number?
False
Is 318560237 prime?
False
Is 230460677 prime?
False
Is 72995197 prime?
False
Is 11914131 prime?
False
Is 15241483 a composite number?
False
Is 9211747 a composite number?
False
Is 3928091 composite?
False
Is 14849335 a composite number?
True
Is 3562879 a composite number?
True
Is 742439 composite?
False
Is 28806263 prime?
True
Is 211355413 a prime number?
True
Is 409498 a composite number?
True
Is 268153 prime?
True
Is 129753829 a composite number?
False
Is 113963867 prime?
False
Is 227115173 a prime number?
True
Is 21166771 composite?
True
Is 466693415 prime?
False
Is 118910347 prime?
True
Is 78766715 prime?
False
Is 48787829 a prime number?
True
Is 3720137 prime?
True
Is 270469 a composite number?
True
Is 191887 composite?
True
Is 6247 composite?
False
Is 33185461 composite?
False
Is 4595671 composite?
False
Is 11577959 composite?
False
Is 1653901 composite?
False
Is 207286369 composite?
True
Is 76479157 a prime number?
False
Is 96873821 prime?
False
Is 625750393 composite?
False
Is 2754961 composite?
True
Is 17339639 composite?
True
Is 15023269 composite?
False
Is 90169113 a composite number?
True
Is 13956803 prime?
False
Is 3198701 composite?
True
Is 296179259 composite?
False
Is 15894149 composite?
True
Is 8238913 a composite number?
True
Is 23600209 composite?
False
Is 63376699 a composite number?
True
Is 4645103 a composite number?
True
Is 206632721 a composite number?
True
Is 28043287 a prime number?
False
Is 49490011 prime?
False
Is 25743505 a composite number?
True
Is 56990467 composite?
True
Is 87537221 a composite number?
False
Is 3191347 prime?
False
Is 162670594 composite?
True
Is 2094513 prime?
False
Is 7500671 prime?
False
Is 409179011 a prime number?
False
Is 111352051 composite?
False
Is 28008347 prime?
True
Is 61348379 composite?
False
Is 3913963 composite?
False
Is 1040311 prime?
True
Is 7945289 prime?
False
Is 83624779 a prime number?
False
Is 7220557 prime?
True
Is 301267 a prime number?
True
Is 28276897 a prime number?
False
Is 43491527 a prime number?
True
Is 32403841 prime?
True
Is 24592771 a composite number?
True
Is 25976711 a prime number?
False
Is 159013 a prime number?
True
Is 1277797 prime?
False
Is 5354963 a composite number?
False
Is 26522357 composite?
True
Is 374203 prime?
True
Is 633031869 a composite number?
True
Is 86586251 a prime number?
True
Is 2890021 a composite number?
True
Is 5239831 a composite number?
True
Is 24461119 a composite number?
False
Is 17541737 composite?
True
Is 19290853 composite?
False
Is 84284477 a composite number?
True
Is 6254863 prime?
True
Is 546707 a prime number?
False
Is 61939973 a composite number?
False
Is 1270747 composite?
False
Is 7887901 prime?
False
Is 16033811 prime?
True
Is 20378473 composite?
False
Is 37763527 prime?
True
Is 1786679 prime?
True
Is 3767278 a prime number?
False
Is 3413239 a prime number?
False
Is 576271 a composite number?
True
Is 6745159 composite?
False
Is 293129377 a composite number?
True
Is 26451367 composite?
True
Is 3740747 a composite number?
False
Is 49169749 a composite number?
False
Is 822324287 prime?
False
Is 4550353 a prime number?
False
Is 1143047 a composite number?
False
Is 3039523 prime?
True
Is 84020855 prime?
False
Is 9172603 a composite number?
True
Is 10021567 prime?
True
Is 1073441 composite?
False
Is 3486901 a prime number?
False
Is 412249 prime?
True
Is 24384379 composite?
False
Is 18553961 a composite number?
False
Is 2593607 a composite number?
False
Is 12596743 prime?
True
Is 8521927 a composite number?
True
Is 4912889 composite?
True
Is 8352679 a prime number?
True
Is 88722107 a composite number?
True
Is 501822961 prime?
True
Is 39916091 a composite number?
False
Is 1643423 a prime number?
True
Is 4078439 a prime number?
True
Is 9532151 prime?
False
Is 4730441 a composite number?
True
Is 494639 composite?
False
Is 3768693 a composite number?
True
